late the highest common divisor of 7085 and 218.
109
What is the highest common factor of 17408 and 578?
34
What is the greatest common divisor of 273119 and 231?
77
Calculate the highest common factor of 293048 and 224.
56
Calculate the highest common factor of 682 and 3938.
22
Calculate the highest common factor of 431553 and 873.
291
Calculate the greatest common factor of 108 and 410211.
27
What is the highest common divisor of 4160 and 60450?
130
What is the highest common factor of 873544 and 304?
152
What is the highest common factor of 2592 and 11502?
162
Calculate the highest common divisor of 4216536 and 54.
54
What is the greatest common divisor of 948436 and 508?
508
What is the greatest common divisor of 10569 and 1495?
13
Calculate the highest common factor of 43 and 12581628.
43
Calculate the greatest common factor of 189 and 3647.
7
Calculate the highest common factor of 116 and 587772.
116
Calculate the greatest common factor of 856 and 33680.
8
What is the highest common divisor of 1965 and 26385?
15
What is the greatest common factor of 200 and 469360?
40
What is the greatest common factor of 170364 and 12?
12
Calculate the highest common divisor of 38 and 990641.
19
What is the greatest common divisor of 42528 and 256?
32
Calculate the highest common factor of 31 and 296081.
31
Calculate the greatest common factor of 74503 and 91.
13
What is the greatest common factor of 768170 and 988?
494
What is the greatest common factor of 492908 and 4?
4
Calculate the greatest common factor of 132 and 1805716.
44
Calculate the highest common factor of 7296 and 2065984.
1216
Calculate the greatest common factor of 371 and 183857.
53
Calculate the greatest common divisor of 152794 and 7712.
482
Calculate the highest common factor of 17143188 and 12.
12
Calculate the highest common factor of 100 and 125725.
25
Calculate the greatest common factor of 318 and 642890.
106
Calculate the highest common factor of 314344 and 200.
8
What is the greatest common divisor of 11084 and 16711?
17
What is the greatest common divisor of 552 and 39?
3
Calculate the greatest common factor of 352 and 1661.
11
Calculate the highest common factor of 338 and 61347.
169
Calculate the highest common divisor of 1351674 and 108.
54
What is the greatest common factor of 1437 and 313745?
479
Calculate the highest common divisor of 92274 and 12012.
546
Calculate the highest common divisor of 1645956 and 936.
468
What is the greatest common factor of 118 and 328571?
59
Calculate the greatest common divisor of 223122 and 18.
6
What is the highest common factor of 131895 and 60?
15
What is the greatest common divisor of 298385 and 10?
5
Calculate the greatest common divisor of 2079168 and 39.
39
What is the highest common factor of 5027521 and 89?
89
What is the greatest common factor of 1238973 and 501?
501
What is the greatest common divisor of 209212 and 1351?
193
Calculate the highest common divisor of 19154 and 7222.
314
Calculate the greatest common factor of 22592 and 1792.
64
What is the greatest common factor of 1072800 and 4172?
596
Calculate the greatest common factor of 1156677 and 6.
3
What is the highest common factor of 1430 and 5885?
55
What is the highest common divisor of 28563859 and 17?
17
What is the highest common divisor of 3 and 59936?
1
Calculate the highest common divisor of 267 and 761217.
267
What is the greatest common divisor of 787968 and 6?
6
Calculate the greatest common factor of 396 and 192951.
99
What is the greatest common divisor of 60770 and 146320?
590
Calculate the greatest common divisor of 2560 and 110.
10
Calculate the highest common divisor of 5411661 and 51.
51
What is the greatest common divisor of 136 and 24392?
8
What is the highest common factor of 238689 and 54?
9
What is the greatest common factor of 111 and 2352?
3
Calculate the greatest common factor of 842881 and 39.
13
What is the highest common factor of 3010 and 448?
14
Calculate the highest common divisor of 9158 and 1131254.
482
What is the greatest common factor of 1285 and 135439?
257
What is the highest common divisor of 3140 and 242408?
628
Calculate the highest common factor of 54 and 25962.
6
What is the greatest common factor of 39 and 631150?
13
Calculate the highest common factor of 5809 and 1256.
157
Calculate the greatest common divisor of 13382 and 98.
2
Calculate the greatest common divisor of 140 and 1555316.
28
Calculate the greatest common divisor of 6 and 57636.
6
What is the highest common factor of 186 and 3102?
6
What is the greatest common divisor of 28103388 and 586?
586
Calculate the greatest common divisor of 91 and 9120202.
91
What is the highest common divisor of 6887 and 19028?
71
What is the greatest common divisor of 139608 and 63?
63
Calculate the highest common factor of 1304 and 102364.
652
What is the highest common factor of 99498 and 3605?
721
Calculate the highest common divisor of 80 and 411365.
5
Calculate the greatest common factor of 36138 and 3173.
19
Calculate the greatest common factor of 76392 and 576.
72
Calculate the highest common divisor of 10413 and 89712.
801
What is the highest common divisor of 53911 and 1690?
169
Calculate the highest common factor of 786 and 1446.
6
What is the highest common divisor of 360 and 790640?
40
What is the highest common divisor of 34 and 28526?
34
What is the greatest common factor of 2983560 and 1840?
920
What is the greatest common factor of 151644 and 156?
12
What is the greatest common factor of 1070 and 427251?
107
Calculate the greatest common factor of 18798 and 18.
6
Calculate the greatest common factor of 559341 and 912.
57
Calculate the highest common divisor of 8050 and 4186.
322
What is the highest common factor of 543360 and 720?
240
What is the highest common factor of 3229 and 5?
1
Calculate the highest common divisor of 46960 and 80.
80
Calculate the greatest common factor of 816 and 33612.
12
Calculate the highest common factor of 20106 and 12168.
18
Calculate the greatest common divisor of 208771 and 145.
29
What is the highest common factor of 984840 and 15?
15
Calculate the greatest common factor of 12291 and 55671.
723
What is the greatest common divisor of 123990 and 42?
6
Calculate the greatest common factor of 175098 and 42.
42
Calculate the highest common divisor of 927615 and 20100.
1005
Calculate the greatest common factor of 474396 and 702.
78
Calculate the highest common divisor of 3121092 and 684.
684
Calculate the greatest common factor of 2172562 and 3430.
686
Calculate the greatest common divisor of 75 and 3810.
15
Calculate the greatest common factor of 79135 and 2793.
931
Calculate the greatest common factor of 2826892 and 3824.
956
Calculate the greatest common factor of 1339 and 66625.
13
What is the highest common factor of 212429 and 63?
7
Calculate the greatest common divisor of 3350 and 3550.
50
Calculate the greatest common divisor of 31750 and 2032.
254
What is the highest common factor of 19618 and 272?
34
What is the highest common divisor of 2123 and 17413?
11
What is the greatest common factor of 1499880 and 40?
40
Calculate the greatest common divisor of 2706 and 13038.
246
What is the highest common divisor of 862 and 219379?
431
What is the highest common divisor of 800 and 165250?
50
What is the highest common factor of 16194 and 474?
6
What is the greatest common factor of 538446 and 258?
258
Calculate the greatest common factor of 131 and 980797.
131
Calculate the highest common factor of 99096 and 108.
12
Calculate the greatest common factor of 3 and 2589090.
3
What is the highest common divisor of 190 and 183920?
190
Calculate the greatest common divisor of 214378 and 1110.
74
What is the greatest common divisor of 10901 and 11?
11
Calculate the greatest common factor of 7891178 and 524.
262
Calculate the greatest common divisor of 1668370 and 870.
290
Calculate the greatest common divisor of 276 and 7797.
69
Calculate the highest common factor of 807421 and 1061.
1061
Calculate the greatest common factor of 1131 and 71427.
87
Calculate the highest common factor of 932 and 64.
4
What is the highest common divisor of 84487 and 51701?
1261
What is the highest common factor of 270816 and 73164?
1092
Calculate the highest c